Suppose -c = k*d - 3*d - 91, 3*d - 271 = -5*c. What is the units digit of d?
2
Let d(f) = 4*f + 2. Let s be d(-2). Let c = s + 10. Suppose v = c*l - v - 74, -5*l + 90 = -2*v. What is the tens digit of l?
1
Let x(m) = -m**2 + 11*m + 12. Let i = 11 - 15. Let d = 15 + i. What is the tens digit of x(d)?
1
Let p(n) = -n**3 + 2*n**2 + 2. Let q be p(2). What is the tens digit of 173 + (2 + q + -3)*-2?
7
Suppose 20 = -5*l, 5*j - 2*l - 11 = 4*j. Suppose 3*q - v - 1 = 6*q, -q = -j*v - 3. Suppose q + 3 = f. What is the units digit of f?
3
Suppose 0 = -4*o + 8*o. Suppose o = -5*a + a + 12. Suppose a*l + l - 232 = 0. What is the tens digit of l?
5
Let z = -22 + 23. Let h(m) = -z + 6 + 0 - m**2 + 0 - 15*m. What is the units digit of h(-15)?
5
Let a(p) = -9*p**2 + 4. Let y be a(2). Let o = y - -48. What is the units digit of o?
6
Let u = -1620 - -2798. What is the units digit of u?
8
What is the hundreds digit of ((-266)/57 + 13)*(-318)/(-2)?
3
Let q(j) = -j**2 - 10*j + 2. Let c(p) = p**3 - 8*p**2 + 5*p + 17. Let g be c(7). Suppose 12 = -g*b, 4*w + 2*b = -12 - 36. What is the units digit of q(w)?
2
Suppose -3*q = 5*u, 3*u + 5*q = 2*u - 22. Suppose 9 = -3*k, -u*v + 215 = 2*v - 5*k. What is the units digit of v?
0
Let y = -27 - -29. What is the tens digit of (1*-412)/(-4) + y?
0
Suppose -5*v = -3*l + 737, l - 253 = -12*v + 10*v. What is the hundreds digit of l?
2
Suppose -5*u + 1393 = 4*m - m, 2*u + 3*m = 550. Let q = 465 - u. What is the tens digit of q?
8
Suppose o + 5*m + 17 = 0, 2*o + 2*m + 2*m + 4 = 0. Suppose 3*w + o = z + 6*w, -5*z = -3*w + 50. Let q(g) = -g - 3. What is the units digit of q(z)?
4
Let c(a) = 7*a**2 - 7*a - 1. Suppose 2*d = 36 + 12. Let p = 27 - d. What is the tens digit of c(p)?
4
Let z(q) = -118*q**3 - 8*q**2 - 10*q. What is the units digit of z(-2)?
2
Suppose 0 = -a + 4*a. Suppose 0 = 5*m - 2*q - 452, 2*m - 3*q + 0*q - 183 = a. Suppose 4*c - m = -c. What is the units digit of c?
8
Let r(n) = 148*n + 43. What is the units digit of r(3)?
7
Let z be ((-5)/(-2))/((-3)/(-6)). Suppose -z*o = -4*b - 61, -5*o + 65 = -2*b - 3*b. What is the units digit of o?
9
Suppose l + r - 10 = -2*r, 0 = -l + 3*r - 8. Let d = -9 - l. Let g = d - -16. What is the units digit of g?
6
Let j = 1292 + 1266. What is the units digit of j?
8
Suppose 3472 = 2*m - f, 13*f + 5208 = 3*m + 8*f. What is the hundreds digit of m?
7
What is the tens digit of (-10)/40 - 8835/(-12)?
3
What is the units digit of (-3849)/(-9) + (-12)/(-9)?
9
Let v be (-6)/(-2) + (6 - 5). Suppose 2*l - 2*h + v*h = 122, -4*l + 240 = 3*h. Let c = 119 - l. What is the units digit of c?
2
Suppose -7*c + 10*c = 987. What is the hundreds digit of c?
3
What is the units digit of (2 - (12 + -1966)) + 5?
1
What is the units digit of (306/(-2))/(4 + (-175)/40)?
8
Let r = -1101 + 1967. What is the tens digit of r?
6
Let v(x) = -x**2 + 159. Let z be v(0). What is the units digit of (3/(-9))/((-1)/z)?
3
Let w(v) = -v**2 - 2*v + 20. Let h be w(0). Suppose 0 = -x - 2*g + 7*g - 8, 4*g + h = 3*x. Suppose 2*r - 4*r + x = 0. What is the units digit of r?
6
What is the tens digit of (22/(-33))/((-3)/((-36639)/(-6)))?
5
What is the tens digit of ((-41384)/6)/(-4) - (-4)/6?
2
Let h(b) = -3*b**2 + 51*b - 18. Let z be h(18). What is the units digit of (-3375)/z + 2/16?
7
Let y(t) = 8*t**2 - 7*t + 17. What is the hundreds digit of y(-7)?
4
Let n(t) = -t - 1. Let d(s) = -s**2 - 19*s + 3. Let k(h) = d(h) - 3*n(h). What is the units digit of k(-5)?
1
Let m(b) = 335*b - 5. Let r be m(1). What is the tens digit of r/(-12)*(-8)/5?
4
Let n(l) = 622*l**3 + 3*l**2 - 2*l - 1. Let t be n(1). Let s = t + -442. What is the units digit of s?
0
Let h(y) = -70*y + 2. Let r be h(-2). Let t = r + -211. Let u = t - -102. What is the tens digit of u?
3
Suppose -4*s + 20 = -0*s. Suppose s*a - 35 = -3*m, 0 = 2*m - 2 - 8. Suppose -a*d = -0*d - 12. What is the units digit of d?
3
Let y be 5 + 0/(-4 - 0). Suppose -y + 0 = -g. Suppose m + 17 = x, -g - 53 = -3*x - 4*m. What is the units digit of x?
8
Let h(f) be the first derivative of f**2/2 + f - 2. Let g = 37 - 35. What is the units digit of h(g)?
3
Let q(t) = 3*t - 1. Let v(o) = -4*o. Let f(h) = -5*q(h) - 4*v(h). What is the units digit of f(-3)?
2
Suppose -5*o = -7*o + 6. Let x be 12/(-3) + 135 + -2. Suppose -x = -o*f - 18. What is the tens digit of f?
3
Let x be (-3 - (-28)/16)*-4. Suppose -i = 3*b + 176, 4*b - x*i + 82 + 140 = 0. What is the units digit of (-2)/3*(b - -16)?
8
Let x(u) = 15*u**3 - 3*u**2 + 7*u - 5. Let c be x(2). Suppose 2*k = -k - 183. Let m = c + k. What is the units digit of m?
6
Let t be 815/35 - (-8)/(-28). Let o = 28 - t. Suppose m = o*r - 408, -r - 5*m = -2*r + 96. What is the units digit of r?
1
Suppose -4*r = -6 - 6. Suppose 0 = -m + 3*m + w - 53, -4*w - 76 = -4*m. What is the tens digit of m + (3 + -4)*r?
2
Suppose 20*j = 19*j + 52. Suppose -4*b + 4 = -j. What is the tens digit of b?
1
Let j(d) = -5*d + 103. What is the hundreds digit of j(-19)?
1
Suppose 0 = -2*p - p + 120. Let h be 5/(-3)*(-3)/(-5 + 6). Suppose 0 = h*r - 0 - p. What is the units digit of r?
8
Suppose 0 = -989*o + 987*o + 506. What is the tens digit of o?
5
Suppose s - 108 = 3*c, 42 + 138 = 2*s + 3*c. What is the tens digit of s?
9
Let j = 2942 - 765. What is the units digit of j?
7
Suppose 2*g + 2*n + 16 = 0, 0 = -4*n + n - 15. What is the tens digit of (-15 + 13)*-73*g/(-3)?
4
Let g be 28/8 + -4 - (-575)/(-2). Let v = 436 + g. What is the tens digit of v?
4
Suppose -6*k + 1060 = 4*k. What is the hundreds digit of 4/4*k - 0?
1
Let m be 150/5 - (-3 + 1). Let h = 13 + m. What is the units digit of h?
5
Let b be ((-11)/(-22))/((-1)/4). Let h be (-1 - b)/(3/39). Let i = 21 - h. What is the units digit of i?
8
Let f(b) = -b**2 + 4*b + 1. Let d be f(3). Let c(q) = 3*q**2 - 10*q**2 + d*q**2 + 4 + 4*q**2. What is the tens digit of c(-4)?
2
Let x = 22 + -16. Let v = 39 + x. What is the tens digit of v?
4
Let u = 5635 - 3362. What is the units digit of u?
3
Suppose 4*a = -a - 45. Let r(p) = 3*p**2 + 3*p + 8. What is the units digit of r(a)?
4
Suppose 0 = 12*x - 9*x - 1377. What is the hundreds digit of x?
4
Suppose 3*u = c - 23, -5*c - 4*u + 6 + 33 = 0. Let l(k) = -k**2 + 14*k - 9. Let i be l(c). Let g = i + -16. What is the units digit of g?
8
Let s be (1*4)/2 + (-252)/(-12). Let h = 9 + -6. Suppose h*w = 3*v - 5*v + 46, v - s = 2*w. What is the tens digit of v?
2
Let i = 22 - 19. Suppose -i*w = -8*w + 350. What is the units digit of w?
0
Suppose -v + 3*w = -2865, 14380 = 15*v - 10*v - 4*w. What is the units digit of v?
0
Let u(v) = -v + 17. Let q be u(12). Suppose -b - 12 = -q*b. Suppose 0 = 2*s - b + 1, 5*d = -5*s + 155. What is the tens digit of d?
3
What is the units digit of (29208/(-96))/(1/(-4))?
7
Suppose -2*b + 115 = -127. Suppose 132 = q + b. What is the tens digit of q?
1
Suppose -14 + 4 = 5*l. Let f(q) = -3*q + 3. What is the units digit of f(l)?
9
Let t be ((-2)/(8/20))/1. Let y = 8 + t. Suppose 0 = w - y, -2*m - 2 = -3*w - 19. What is the units digit of m?
3
Let z be 14/49 - 24/(-14). Suppose -140 = -2*y + 2*u, y - 4*u = -z*u + 70. What is the units digit of y?
0
Let j = -14 + 14. Suppose 3 = u - j. Suppose 3*r = -u*h + 8*h - 162, r = -4. What is the units digit of h?
0
Let n(t) = 14*t - 7. Let f be n(5). Suppose -3*l + f = 4*s - 11, 3*s - 94 = -4*l. What is the tens digit of l?
2
Suppose -4461 + 629 = -8*b. Suppose 118 + b = 3*r. What is the hundreds digit of r?
1
Let n(z) = 17*z + 3. Let d be n(-3). What is the tens digit of -3*d*8/36?
3
Let d(y) = y**2 - 4*y - 6. Let r be d(5). What is the units digit of 60 - (-3 + r/(-1))?
2
Let r be (-3)/4*1140*-1. Suppose -5*q + r = b, 0*b - 684 = -4*q + 2*b. Suppose q - 59 = 4*w. What is the tens digit of w?
2
Suppose 16*r = 28*r - 3588. What is the tens digit of r?
9
Let v(t) = t**3 - 21*t**2 + 61*t + 24. What is the tens digit of v(19)?
6
Suppose 5*w = -10, -5*q + 3*w - 2 = -w. Let a be (-3)/q*2 + -1. Suppose -a = f - 13. What is the tens digit of f?
1
Let o = 7 + -2. Suppose o*i - 36 = 124. Suppose -c - 7 = -i. What is the tens digit of c?
2
Let x = -10 + 15. Suppose 4*g = -5*r + 28, -x*r = -4*g + 3*g - 43. Suppose 0 = q + r - 29. What is the units digit of q?
1
Let w(r) = -r**2 - 113*r + 443. What is the thousands digit of w(-61)?
3
Let c = 